3
What are the prime factors of 117045?
3, 5, 17
What are the prime factors of 3491788?
2, 872947
List the prime factors of 258349.
7, 13, 17, 167
What are the prime factors of 4436986?
2, 277, 8009
What are the prime factors of 184933?
7, 29, 911
List the prime factors of 5429006.
2, 11, 246773
List the prime factors of 18018784.
2, 7, 257, 313
What are the prime factors of 683601?
3, 19, 67, 179
List the prime factors of 959021.
7, 17, 8059
List the prime factors of 2751887.
2751887
What are the prime factors of 376753?
13, 73, 397
List the prime factors of 46923.
3, 15641
What are the prime factors of 441892?
2, 11, 83
What are the prime factors of 3451274?
2, 19, 90823
List the prime factors of 5568314.
2, 2784157
List the prime factors of 3407075.
5, 7, 19469
List the prime factors of 202200.
2, 3, 5, 337
List the prime factors of 3245103.
3, 40063
List the prime factors of 448064.
2, 7001
List the prime factors of 11435667.
3, 3811889
List the prime factors of 19774028.
2, 47, 107, 983
List the prime factors of 295737.
3, 13, 7583
List the prime factors of 3361536.
2, 3, 1459
What are the prime factors of 12416033?
7, 1773719
What are the prime factors of 3538931?
11, 321721
What are the prime factors of 520483?
277, 1879
List the prime factors of 1825507.
997, 1831
What are the prime factors of 17611766?
2, 563, 15641
List the prime factors of 2223429.
3, 13, 47, 1213
List the prime factors of 2520.
2, 3, 5, 7
List the prime factors of 1964201.
19, 5441
What are the prime factors of 797486?
2, 181, 2203
List the prime factors of 163753.
163753
What are the prime factors of 8179371?
3, 908819
What are the prime factors of 11151285?
3, 5, 619, 1201
What are the prime factors of 515231?
515231
List the prime factors of 1064912.
2, 19, 31, 113
What are the prime factors of 18828921?
3, 6276307
What are the prime factors of 1256890?
2, 5, 37, 43, 79
List the prime factors of 3073874.
2, 71, 21647
List the prime factors of 2034065.
5, 11, 31, 1193
List the prime factors of 1276185.
3, 5, 149, 571
What are the prime factors of 872429?
872429
List the prime factors of 18244.
2, 4561
List the prime factors of 849023.
7, 17327
What are the prime factors of 756630?
2, 3, 5, 7, 1201
What are the prime factors of 245544?
2, 3, 13, 787
What are the prime factors of 280144?
2, 17509
List the prime factors of 1811704.
2, 226463
List the prime factors of 173356.
2, 19, 2281
What are the prime factors of 51757?
73, 709
What are the prime factors of 6573248?
2, 11, 9337
What are the prime factors of 273726?
2, 3, 37, 137
What are the prime factors of 435850?
2, 5, 23, 379
List the prime factors of 1048762.
2, 11, 13, 19, 193
What are the prime factors of 683634?
2, 3, 7, 41, 397
List the prime factors of 70880.
2, 5, 443
What are the prime factors of 2115888?
2, 3, 17, 2593
List the prime factors of 29127524.
2, 7281881
What are the prime factors of 1524264?
2, 3, 7, 43, 211
What are the prime factors of 96484?
2, 24121
List the prime factors of 1244654.
2, 47, 13241
What are the prime factors of 2719312?
2, 169957
List the prime factors of 1900494.
2, 3, 19, 5557
What are the prime factors of 9812956?
2, 1307, 1877
What are the prime factors of 406723?
173, 2351
List the prime factors of 475995.
3, 5, 13, 2441
List the prime factors of 1507752.
2, 3, 43, 487
What are the prime factors of 4464886?
2, 19, 117497
What are the prime factors of 6791329?
1489, 4561
List the prime factors of 575506.
2, 23, 12511
What are the prime factors of 2501377?
79, 31663
List the prime factors of 521229.
3, 173743
List the prime factors of 24992.
2, 11, 71
What are the prime factors of 1247113?
7, 163, 1093
What are the prime factors of 6857915?
5, 1371583
List the prime factors of 2315822.
2, 113, 10247
List the prime factors of 11102082.
2, 3, 1850347
What are the prime factors of 350772?
2, 3, 29231
List the prime factors of 368053.
7, 52579
List the prime factors of 221484.
2, 3, 18457
What are the prime factors of 164473?
23, 7151
What are the prime factors of 2856902?
2, 379, 3769
What are the prime factors of 5003957?
7, 714851
What are the prime factors of 533611?
13, 41047
List the prime factors of 606233.
19, 31907
What are the prime factors of 207122?
2, 103561
List the prime factors of 2023485.
3, 5, 277, 487
List the prime factors of 25862407.
127, 203641
List the prime factors of 1890407.
733, 2579
List the prime factors of 332515.
5, 73, 911
List the prime factors of 1407607.
1407607
List the prime factors of 19994194.
2, 11, 19, 31, 1543
List the prime factors of 39733.
39733
What are the prime factors of 675471?
3, 225157
List the prime factors of 113461.
83, 1367
What are the prime factors of 14636704?
2, 457397
What are the prime factors of 83394?
2, 3, 41, 113
List the prime factors of 4790511.
3, 11, 53, 83
What are the prime factors of 20406814?
2, 2243, 4549
List the prime factors of 1022344.
2, 47, 2719
What are the prime factors of 3179738?
2, 47, 33827
List the prime factors of 13662259.
13, 569, 1847
List the prime factors of 39658684.
2, 13, 762667
What are the prime factors of 82397?
7, 79, 149
List the prime factors of 1250900.
2, 5, 7, 1787
What are the prime factors of 6038719?
23, 262553
List the prime factors of 13857281.
13857281
List the prime factors of 451461.
3, 61, 2467
List the prime factors of 4984134.
2, 3, 109, 7621
What are the prime factors of 22840698?
2, 3, 19, 200357
What are the prime factors of 30265?
5, 6053
What are the prime factors of 1162622?
2, 581311
What are the prime factors of 21625?
5, 173
What are the prime factors of 172518?
2, 3, 28753
What are the prime factors of 1438985?
5, 79, 3643
List the prime factors of 11563074.
2, 3, 137, 521
List the prime factors of 10322444.
2, 11, 379, 619
What are the prime factors of 208214?
2, 104107
List the prime factors of 5912582.
2, 13, 227407
List the prime factors of 2048163.
3, 13, 52517
List the prime factors of 211763.
421, 503
List the prime factors of 490162.
2, 19, 12899
What are the prime factors of 204634?
2, 102317
What are the prime factors of 67751?
67751
What are the prime factors of 100694?
2, 11, 23, 199
List the prime factors of 3480985.
5, 67, 10391
List the prime factors of 1308132.
2, 3, 7, 29, 179
List the prime factors of 1407411.
3, 353, 443
What are the prime factors of 3806539?
11, 163, 193
List the prime factors of 410782.
2, 205391
What are the prime factors of 4403538?
2, 3, 81547
What are the prime factors of 793082?
2, 396541
What are the prime factors of 23455904?
2, 732997
List the prime factors of 361751.
13, 27827
What are the prime factors of 364999?
383, 953
What are the prime factors of 3469405?
5, 693881
List the prime factors of 10900243.
19, 563, 1019
List the prime factors of 13928355.
3, 5, 7, 17
List the prime factors of 29007013.
7, 4143859
List the prime factors of 4301721.
3, 107, 1489
List the prime factors of 884700.
2, 3, 5, 983
List the prime factors of 1174564.
2, 17, 23, 751
What are the prime factors of 1135120?
2, 5, 7, 2027
List the prime factors of 4703183.
277, 16979
What are the prime factors of 6693729?
3, 7, 318749
List the prime factors of 10901534.
2, 7, 778681
What are the prime factors of 9917034?
2, 3, 1652839
List the prime factors of 3151327.
37, 53, 1607
List the prime factors of 16586561.
769, 21569
List the prime factors of 10190332.
2, 2547583
What are the prime factors of 458818?
2, 229409
List the prime factors of 119836.
2, 29959
What are the prime factors of 20531937?
3, 17, 402587
List the prime factors of 2108003.
2108003
What are the prime factors of 1025205?
3, 5, 41, 1667
What are the prime factors of 509259?
3, 169753
What are the prime factors of 538201?
538201
List the prime factors of 272239.
11, 24749
List the prime factors of 94726.
2, 47363
What are the prime factors of 3810597?
3, 7, 181457
What are the prime factors of 9700108?
2, 11, 19, 41, 283
What are the prime factors of 1919969?
19, 101051
List the prime factors of 7154506.
2, 3577253
What are the prime factors of 15442?
2, 7, 1103
List the prime factors of 11942353.
131, 91163
What are the prime factors of 5468616?
2, 3, 151, 503
What are the prime factors of 9956486?
2, 59, 84377
What are the prime factors of 1396448?
2